 = -13*l**3 + 22*l**2 - 9. Let v(g) = 3*g**3 - 5*g**2 + 2. Let c(f) = 4*p(f) + 18*v(f). Give c(m).
8
Let s(m) = -9 + 11*m + 28*m**2 - 39*m**2 - 3*m**3 + 4*m**3. Let p be (-315)/(-90)*(-20)/(-7). Determine s(p).
1
Suppose -31 = -19*b + 7. Suppose b*z = -4*p + 6*p, 0 = 2*p. Let f(g) = -g - 7. Give f(z).
-7
Let o(u) = -34 - 18*u**2 + 19*u - 19*u**2 + 77*u**2 - 24*u**2 - 17*u**2. Calculate o(15).
26
Let s(v) = v**3 - 9*v**2 + 7*v + 1. Let p = -59 + 67. Let n be (p/14)/((-22)/(-308)). Determine s(n).
-7
Let u be 0*5/15 + 1. Suppose p = 9 + u. Let m(r) = 9 - 2 + 15 - p + r. Calculate m(-13).
-1
Suppose -30*n + k = -35*n + 40, -26 = -3*n - k. Let y(b) = -5*b - 18. Calculate y(n).
-53
Suppose w - s + 33 = -3*w, 3*w + 23 = -s. Let t(j) = -20 + 4*j + 16 + 6. Calculate t(w).
-30
Let x(s) = -110*s**2 - 8 - 24*s + 435*s**2 - 111*s**2 - s**3 - 110*s**2 - 118*s**2. Give x(-12).
-8
Suppose 8*h = -5*l + 3*h + 75, -15 = -3*l + 3*h. Let u be (-4)/(-30)*6*l. Let p(q) = q**3 - 7*q**2 - 9*q. Calculate p(u).
-8
Suppose -1483*v = -1484*v - 11. Let g(s) = s**2 + 15*s + 4. Give g(v).
-40
Suppose -m + 26*t - 22*t = -77, 5*m + 2*t = 473. Let b(a) = -86 - m + 269 - 3*a - 85. Determine b(3).
-4
Let c(g) = -7*g + 31. Let a = -1258 - -1261. What is c(a)?
10
Let b(y) = y - 6. Let k(d) = 4*d - 13*d + 10*d + 11 - 3*d. Let g(c) = 5*b(c) + 3*k(c). Give g(5).
-2
Let z(x) = -2*x**2 + 10*x + 17. Suppose -b - 9 = -2*b - 3. Determine z(b).
5
Let n(x) = -x**2 + 45*x - 54. Suppose -3*r - 2*l = -148, 22*r - 24*r - l = -96. What is n(r)?
-10
Let t(p) be the first derivative of 11*p**2 + 107*p + 1471. Calculate t(-5).
-3
Let i = -66 - -87. Let a(v) = 5*v - 111. What is a(i)?
-6
Let j(p) = -13*p + 26150*p**2 - 13078*p**2 - 13069*p**2 + 1. What is j(4)?
-3
Suppose -100*b = -95*b - 50. Let c(u) = 4 + 0 + u + b. Give c(0).
14
Suppose -10*r + 110 = -12*r + 57*r. Let l(a) be the third derivative of 0 + 0*a + 0*a**3 + 5/24*a**4 + 28*a**r. Determine l(1).
5
Let b = -226 - -226. Suppose -g - 30 = -5*r, -4*g + 30 = 5*r - b*r. Let k(c) = c**3 - 8*c**2 + 11*c + 3. Give k(r).
-3
Let l(i) = i - 3. Let p be (-19)/19*(-1)/(1/(-7)). Let m be p/(140/12) + 297/45. What is l(m)?
3
Let y(j) = j**3 + 11*j**2 - 5*j - 57. Suppose -2*i + 3*x = 31, i - x - 4 = -18. Let t be y(i). Let z(q) = q. What is z(t)?
-2
Let y(d) = d**2 + 6*d + 10. Let o(m) = -9*m + 86*m**2 - 20 - 34*m**2 - 53*m**2. Let r be o(-7). Determine y(r).
10
Let v(z) = -z**2 - z - 7. Let i(s) = 3*s - 17. Let c be i(4). Let p(y) = -3*y - 12. Let u be p(c). Suppose -4*g - 2*k = 8, -u*k - 20 = 4*g + 2*k. What is v(g)?
-7
Let b(l) = l**2 + 1. Let o(w) be the third derivative of w**4/8 + w**3/3 - 27*w**2. Let a(i) = -i**2 - 9*i - 9. Let d be a(-8). Let j be o(d). Determine b(j).
2
Suppose -126*c + 68*c + 174 = 0. Let a(h) be the first derivative of h**2 - 2/3*h**3 - c*h + 8. Give a(2).
-7
Suppose 2*z + 5*f = -65, 0 = -5*z - 3*f - 10 - 124. Let d = z + 28. Let v(m) = 3*m - 5 + 11*m**2 - 19*m**2 - m - m**d - 3*m. Give v(-8).
3
Let h(s) = s + 1. Let t be ((-6)/2)/(12*(-11)/44). Let y(g) = g**2 + 4*g + 3. Let u(x) = t*y(x) + 6*h(x). What is u(-7)?
-12
Let o be ((-2412)/(-51))/(-6) - (-9 + 310/34). Let y(n) be the second derivative of n**5/20 + 3*n**4/4 + 4*n**3/3 + 6*n**2 - n. What is y(o)?
12
Let n(w) = w**3 + 126 + w**2 - 130 + 5*w - 4*w + 3*w**2. Give n(-3).
2
Let v(h) = 53*h + 50*h - 101*h + 4. Let z be v(-1). Let i be 1*z - (-1 + -1 + -2). Let y(s) = 2*s - 2. Give y(i).
10
Let k(w) = w**2 - w - 20. Let b(g) = -g**2 + 50*g - 96. Let q be b(48). Give k(q).
-20
Let r(j) be the second derivative of j**4/12 - 4*j**3 + 61*j**2/2 - 3*j + 64. Determine r(20).
-19
Let s(w) be the second derivative of w**4/24 - 10*w**3/3 - 215*w**2/2 + w - 23. Let b(g) be the first derivative of s(g). Give b(0).
-20
Let v be 2 - (-1)/3*-3. Let t(s) = 9*s**2 - s + 2. Let p be t(v). Suppose -5*a + p*a + 20 = 0. Let o(l) = l + 1. What is o(a)?
-3
Let j(w) = w**2 - 8*w + 10. Suppose -5*u + 136 = -4*f + 3*f, -u - 3*f + 40 = 0. Let n = 19 - u. Let o be (96/n + 6)*6/(-4). Give j(o).
3
Let t(l) = -l**3 - 9*l**2 - 14*l - 4. Let f be (17 + 296/(-24))/((-2)/3). Give t(f).
-4
Let r = 44 + -40. Suppose 2*d - 2 - r = 0. Let o(f) = 0 - 10 + 2*f + 3*f - d*f. Determine o(8).
6
Let k(p) = -2*p**2 - 45*p - 46. Let n be k(-22). Let h = n + 18. Let g(m) = -m**3 - 7*m**2 - 7*m - 8. Determine g(h).
-2
Suppose 0 = -1228*h + 1261*h - 693. Let c(p) = p**2 - 24*p + 68. Determine c(h).
5
Let r be (-4)/(-120) - 18/(-135) - (-154)/12. Let q(m) = 22*m - 293. Give q(r).
-7
Let u(g) = -g**3 - 13 - 6 + 6 - 1 - 16*g**2. Calculate u(-16).
-14
Let y(k) = 2*k - 1. Suppose -8 = 4*t, 5*t - 13 = -2*x - 31. Let z(s) = 4*s + 11. Let b be z(x). Let q(f) = -f - 10. Let v be q(b). Give y(v).
-11
Suppose -3*x + 34 = 5*r + 8, -2*r - 5*x + 37 = 0. Let g(o) = -16*o + 18. What is g(r)?
2
Suppose -246*w + 96 = -234*w. Let a(x) = -7*x + 28. Determine a(w).
-28
Let y(j) = 56*j**2 + 3*j - 4. Suppose 4*k + t - 5 = 0, -4*t - 7 = k - 12. What is y(k)?
55
Let h = 147 + 129. Let m = -286 + h. Let y(x) = -x**3 - 10*x**2 + 2. Determine y(m).
2
Suppose -79*x = -83*x + 48. Let z(d) = -1 - 14 + 4*d**2 + 3*d + x. What is z(2)?
19
Suppose -3*u = 2*v - 14, -v - 1 = -5. Let o(i) = 333 + 0*i**u - 331 + i**3 + 6*i**2. What is o(-6)?
2
Let u be (-512)/224 + (-1680)/980. Let k(q) = -13*q - 3 - 1 + 0*q. Calculate k(u).
48
Let z(x) = -57*x - 179. Let t(a) = -160*a - 538. Let r(o) = -4*t(o) + 11*z(o). Give r(-14).
1
Let v(w) be the first derivative of 1/3*w**3 - 1/4*w**4 + 1/2*w**2 + 13 - 3*w. Calculate v(3).
-18
Let t(a) = a + 45*a**3 - 8 + 13*a**2 - 3*a**2 - 44*a**3 - 14*a**2. Give t(4).
-4
Let c(a) = a - 8. Let r(m) = -17*m + 10. Let n be r(-4). Let v = -66 + n. Give c(v).
4
Let t(r) = 4*r**3 - 23*r**2 - 11*r - 4. Let c(m) = m**3 - 6*m**2 - 3*m - 2. Let l(i) = -9*c(i) + 2*t(i). Calculate l(8).
50
Let c = 3544/3 + -1181. Let o(j) be the first derivative of c*j**3 + 1/2*j**2 + 0*j + 1. What is o(-2)?
2
Suppose w - 5*g - 9 - 11 = 0, -4*g - 16 = 0. Suppose w = -10*p + 5*p + 20. Suppose 11*i - 7*i = p. Let o(b) = 12*b**2 - 1. What is o(i)?
11
Let r(q) = -59*q**2 + 16*q**2 + 0*q - 3 + 3*q + 19*q**2 + 29*q**2. What is r(-3)?
33
Let o(h) = -25*h - 2853. Let b be o(-114). Let m(a) = -5*a**2 - 2*a - 13. Give m(b).
-52
Let o(u) = u. Let z(d) = -d**2 + 15*d + 22. Let m(l) = o(l) + z(l). Let x be m(17). Let w(k) = 1 + 6*k**2 + 3 + 0*k**2 - k**3 - 5*k - k. What is w(x)?
-1
Let j(x) be the third derivative of -1/12*x**4 + 0*x**5 + 0*x - 1/120*x**6 - 1/3*x**3 + 0 + x**2. Let d = -30 + 28. Determine j(d).
10
Let w = 74 + -54. Suppose -w = -3*n + 2*n. Let j(k) = n - 6 - 2*k**2 - 3 + k - 12. Determine j(1).
-2
Let x = -8 + 14. Let d(t) = 7*t**2 - 6*t + 7. Let f(o) = -o**2. Let b(v) = x*f(v) + d(v). Let r be (-47)/(-9) + (-25)/(675/6). Determine b(r).
2
Let g(o) = o**2 + 11*o - 4. Let k = -470 + 474. Let h be k*21/56*-8. Determine g(h).
8
Let p(m) = 17*m**3. Let r(v) = v**2 + 3*v - 2. Let q be r(-4). Suppose 81*b + 50 = 91*b. Suppose w + q*x - b = -2*w, x = 2*w + 6. Determine p(w).
-17
Let i = 34 - 48. Let f = -12 - i. Let y(p) = -f - 4*p - 4*p + p. Calculate y(-2).
12
Let p(z) = -7*z**2 + 2*z + 7. Let k(t) = 13*t**2 - 6*t - 6. Let w(m) = -6*k(m) - 11*p(m). Give w(10).
-1
Suppose 2*j - 6*q = -q - 7, -2*j + 3 = 5*q. Let z be (3 - 3) + ((-60)/(-4) - 2). Let v(s) = 3*s - 11*s - z - 11*s + 13. Determine v(j).
19
Let w(i) = 189*i**3 - 36 + 21882*i - 188*i**3 - 16*i**2 - 21897*i. Determine w(17).
-2
Let c(r) = r**3 + 20*r**2 - 154*r + 58. Let j be c(-26). Let n(v) = -v**2 + 5*v - 14. Determine n(j).
-20
Let z = -46 - -56. Suppose -z = 2*j - 16. Let r(l) = l**j - 13 + 0*l**3 + 12. Calculate r(1).
0
Let w(q) be the first derivative of 1/3*q**3 + 6*q - 3/2*q**2 + 14. Give w(4).
10
Let i(m) = 12*m + 49. Let p(w) = 21*w + 54. Let j(y) = -4*i(y) + 3*p(y). What is j(3)?
11
Let i(f) be the first derivative of 1/2*f**2 - 4*f - 23. Give i(6).
2
Let x(h) = 3*h**3 + 26*h**2 + 8*h - 17. Suppose 4*z = 4*w - 44, 4*w - 13 = -1. Determine x(z).
47
Let x(b) = -28*b**3 + 25*b**2 + 33*b - 102. Let o(c) = 65*c**3 - 50*c**2 - 67*c + 204. Let w(v) = -3*o(v) - 7*x(v). Give w(26).
-2
Let n = 6034 - 6024. Let u(q) = q**2 - 7*q + 18. What is u(n)?
48
Let f(w) = -2 + 5 + 3*w - 9 - 9. Let p be f(7). L